{"id":1686,"date":"2025-12-15T07:00:37","date_gmt":"2025-12-15T07:00:37","guid":{"rendered":"https:\/\/dsch.pt\/?page_id=1686"},"modified":"2025-12-15T09:36:30","modified_gmt":"2025-12-15T09:36:30","slug":"noticia-premio-de-composicao-2025","status":"publish","type":"page","link":"https:\/\/dsch.pt\/en\/noticia-premio-de-composicao-2025\/","title":{"rendered":"Not\u00edcia Pr\u00e9mio de Composi\u00e7\u00e3o 2025"},"content":{"rendered":"<div data-elementor-type=\"wp-page\" data-elementor-id=\"1686\" class=\"elementor elementor-1686\">\n\t\t\t\t\t\t<section class=\"elementor-section elementor-top-section elementor-element elementor-element-fdb64d3 elementor-section-boxed elementor-section-height-default elementor-section-height-default\" data-id=\"fdb64d3\" data-element_type=\"section\" data-e-type=\"section\">\n\t\t\t\t\t\t<div class=\"elementor-container elementor-column-gap-default\">\n\t\t\t\t\t<div class=\"elementor-column elementor-col-100 elementor-top-column elementor-element elementor-element-832ed39\" data-id=\"832ed39\" data-element_type=\"column\" data-e-type=\"column\">\n\t\t\t<div class=\"elementor-widget-wrap\">\n\t\t\t\t\t\t\t<\/div>\n\t\t<\/div>\n\t\t\t\t\t<\/div>\n\t\t<\/section>\n\t\t\t\t<section class=\"elementor-section elementor-top-section elementor-element elementor-element-58c8f39 elementor-section-boxed elementor-section-height-default elementor-section-height-default\" data-id=\"58c8f39\" data-element_type=\"section\" data-e-type=\"section\">\n\t\t\t\t\t\t<div class=\"elementor-container elementor-column-gap-default\">\n\t\t\t\t\t<div class=\"elementor-column elementor-col-100 elementor-top-column elementor-element elementor-element-6be9071f\" data-id=\"6be9071f\" data-element_type=\"column\" data-e-type=\"column\">\n\t\t\t<div class=\"elementor-widget-wrap elementor-element-populated\">\n\t\t\t\t\t\t<div class=\"elementor-element elementor-element-1da028a3 elementor-widget elementor-widget-spacer\" data-id=\"1da028a3\" data-element_type=\"widget\" data-e-type=\"widget\" data-widget_type=\"spacer.default\">\n\t\t\t\t<div class=\"elementor-widget-container\">\n\t\t\t\t\t\t\t<div class=\"elementor-spacer\">\n\t\t\t<div class=\"elementor-spacer-inner\"><\/div>\n\t\t<\/div>\n\t\t\t\t\t\t<\/div>\n\t\t\t\t<\/div>\n\t\t\t\t<div class=\"elementor-element elementor-element-b3854e2 elementor-widget elementor-widget-image\" data-id=\"b3854e2\" data-element_type=\"widget\" data-e-type=\"widget\" data-widget_type=\"image.default\">\n\t\t\t\t<div class=\"elementor-widget-container\">\n\t\t\t\t\t\t\t\t\t\t\t\t\t\t\t<img fetchpriority=\"high\" decoding=\"async\" width=\"800\" height=\"302\" src=\"https:\/\/dsch.pt\/wp-content\/uploads\/2025\/12\/Banner-noticia-Carlos-Azevedo-1024x386-1.jpg\" class=\"attachment-large size-large wp-image-1693\" alt=\"\" srcset=\"https:\/\/dsch.pt\/wp-content\/uploads\/2025\/12\/Banner-noticia-Carlos-Azevedo-1024x386-1.jpg 1024w, https:\/\/dsch.pt\/wp-content\/uploads\/2025\/12\/Banner-noticia-Carlos-Azevedo-1024x386-1-300x113.jpg 300w, https:\/\/dsch.pt\/wp-content\/uploads\/2025\/12\/Banner-noticia-Carlos-Azevedo-1024x386-1-768x290.jpg 768w\" sizes=\"(max-width: 800px) 100vw, 800px\" \/>\t\t\t\t\t\t\t\t\t\t\t\t\t\t\t<\/div>\n\t\t\t\t<\/div>\n\t\t\t\t<div class=\"elementor-element elementor-element-6746d164 elementor-widget__width-initial elementor-widget elementor-widget-text-editor\" data-id=\"6746d164\" data-element_type=\"widget\" data-e-type=\"widget\" data-widget_type=\"text-editor.default\">\n\t\t\t\t<div class=\"elementor-widget-container\">\n\t\t\t\t\t\t\t\t\t<p><strong>15.12.2025<\/strong><\/p><h1><b>Carlos Azevedo is the winner of the DSCH Composition Award 2025<\/b><b><\/b><\/h1><p>\u00a0<\/p><p class=\"translation-block\"><p><b>Composer Carlos Azevedo<\/b>, born in Vila Real in 1964, is the winner of the <b>DSCH \u2013 Shostakovich Ensemble Composition Prize 2025<\/b>. The award, valued at \u20ac6,000, was created in 2019 by <b>DSCH \u2013 Associa\u00e7\u00e3o Musical<\/b>, with the support of the Directorate-General for the Arts, with the purpose of honoring a Portuguese composer for the excellence of their work and career, promoting and valuing contemporary Portuguese art music.<\/p><p class=\"translation-block\"><p><span style=\"font-weight: 400\">A singular figure in the Portuguese musical scene, <b>Carlos Azevedo<\/b> has built a <b>unique career that masterfully spans both classical and jazz music<\/b>. A composer, arranger, pianist, and pedagogue, he stands out for his creative versatility and the solidity of a deeply personal musical language, recognized both in contemporary repertoire and in the jazz world.<\/span><\/p><p class=\"translation-block\"><p><span style=\"font-weight: 400\">Trained at the Porto Conservatory of Music, he completed the Higher Piano Course and, subsequently, the Higher Composition Course at the <b>Escola Superior de M\u00fasica do Porto<\/b> (1991). He pursued further studies in the United Kingdom, where he obtained a <b>Master\u2019s degree<\/b> and later a <b>Doctorate in Composition<\/b> from the <b>University of Sheffield<\/b>, under the guidance of George Nicholson.<\/span><\/p><p class=\"translation-block\"><p><b>Professor at the Escola Superior de M\u00fasica e Artes do Espet\u00e1culo<\/b> since 1999, Azevedo has played a <b>central role in the training of new generations of composers<\/b>, contributing decisively to the dynamism of higher music education in Portugal.<\/span><\/p><p class=\"translation-block\"><p><span style=\"font-weight: 400\">At the same time, he built a remarkable career with the <b>Orquestra Jazz de Matosinhos<\/b>, where he worked for <b>25 years as a pianist, composer, and arranger<\/b>, collaborating with internationally renowned artists.<\/span><\/p><p class=\"translation-block\"><p><span style=\"font-weight: 400\">Among his works, notable pieces include <b><i>Crossfade<\/i><\/b> (for symphony orchestra, jazz orchestra, and soloist), <b><i>Largo<\/i><\/b> (symphony orchestra), <b><i>Mumadona<\/i><\/b> (three-act opera), <b><i>Labirintho<\/i><\/b> (solo cello), <b><i>Tempo de Outono<\/i><\/b> (clarinet and piano), <b><i>Brexit<\/i><\/b> (string quartet), <b><i>O Bispo<\/i><\/b> (wind ensemble), and <b><i>Short Term Memory<\/i><\/b> (solo cello and ensemble). Several of these works were commissioned by prominent institutions and festivals and dedicated to leading performers in today\u2019s musical scene.<\/span><\/p><p class=\"translation-block\"><p><span style=\"font-weight: 400\">His <b>jazz discography equally reflects the aesthetic breadth of his work<\/b>, with recordings such as <i>Lenda<\/i> (2000), <i>Portology<\/i> (2007), <i>Our Secret World<\/i> (2010), <i>Bela Sen\u00e3o Sem<\/i> (2012), as well as quartet and ensemble projects including <i>Origens<\/i>, <i>Lento<\/i>, <i>After Midnight<\/i>, <i>Serpente<\/i>, and <i>Pilgrimage<\/i>.<\/span><\/p><p class=\"translation-block\"><p><span style=\"font-weight: 400\">With a writing style that combines technical rigor, sonic imagination, and profound expressiveness, <b>Carlos Azevedo stands out as one of the most original and influential voices in contemporary Portuguese music<\/b>, in a continual dialogue between tradition, innovation, and improvisation.<\/span><\/p><p class=\"translation-block\"><p><span style=\"font-weight: 400\">The <b>DSCH Composition Prize<\/b> is awarded by the prestigious <b>DSCH \u2013 Shostakovich Ensemble<\/b>, under the artistic direction of Filipe Pinto-Ribeiro. The winners of previous editions were <b>Lu\u00eds Tinoco<\/b> (2019), <b>Eurico Carrapatoso<\/b> (2021), <b>Andreia Pinto-Correia<\/b> (2023), and <b>S\u00e9rgio Azevedo<\/b> (2024).<\/span><\/p><p style=\"font-weight: 400;\" class=\"translation-block\"><p><span style=\"font-weight: 400\">Founded in 2006, the <b>DSCH \u2013 Shostakovich Ensemble is today regarded as one of the most significant international chamber ensembles<\/b>, with albums dedicated to Shostakovich and Beethoven, released by Paraty\/Harmonia Mundi\u2013PIAS and acclaimed by the specialized press with the highest distinctions.<\/span><\/p>\t\t\t\t\t\t\t\t<\/div>\n\t\t\t\t<\/div>\n\t\t\t\t\t<\/div>\n\t\t<\/div>\n\t\t\t\t\t<\/div>\n\t\t<\/section>\n\t\t\t\t<section class=\"elementor-section elementor-top-section elementor-element elementor-element-0377177 elementor-section-boxed elementor-section-height-default elementor-section-height-default\" data-id=\"0377177\" data-element_type=\"section\" data-e-type=\"section\">\n\t\t\t\t\t\t<div class=\"elementor-container elementor-column-gap-default\">\n\t\t\t\t\t<div class=\"elementor-column elementor-col-100 elementor-top-column elementor-element elementor-element-f925cec\" data-id=\"f925cec\" data-element_type=\"column\" data-e-type=\"column\">\n\t\t\t<div class=\"elementor-widget-wrap elementor-element-populated\">\n\t\t\t\t\t\t<div class=\"elementor-element elementor-element-1af329c elementor-widget elementor-widget-spacer\" data-id=\"1af329c\" data-element_type=\"widget\" data-e-type=\"widget\" data-widget_type=\"spacer.default\">\n\t\t\t\t<div class=\"elementor-widget-container\">\n\t\t\t\t\t\t\t<div class=\"elementor-spacer\">\n\t\t\t<div class=\"elementor-spacer-inner\"><\/div>\n\t\t<\/div>\n\t\t\t\t\t\t<\/div>\n\t\t\t\t<\/div>\n\t\t\t\t<div class=\"elementor-element elementor-element-e886461 elementor-widget elementor-widget-image\" data-id=\"e886461\" data-element_type=\"widget\" data-e-type=\"widget\" data-widget_type=\"image.default\">\n\t\t\t\t<div class=\"elementor-widget-container\">\n\t\t\t\t\t\t\t\t\t\t\t\t\t\t\t\t<a href=\"https:\/\/dsch.pt\/en\/\">\n\t\t\t\t\t\t\t<img decoding=\"async\" width=\"300\" height=\"105\" src=\"https:\/\/dsch.pt\/wp-content\/uploads\/2021\/04\/LOGOS-DSCH_vermelho-letra-preta-300x105.png\" class=\"attachment-medium size-medium wp-image-1673\" alt=\"\" srcset=\"https:\/\/dsch.pt\/wp-content\/uploads\/2021\/04\/LOGOS-DSCH_vermelho-letra-preta-300x105.png 300w, https:\/\/dsch.pt\/wp-content\/uploads\/2021\/04\/LOGOS-DSCH_vermelho-letra-preta-1024x358.png 1024w, https:\/\/dsch.pt\/wp-content\/uploads\/2021\/04\/LOGOS-DSCH_vermelho-letra-preta-768x269.png 768w, https:\/\/dsch.pt\/wp-content\/uploads\/2021\/04\/LOGOS-DSCH_vermelho-letra-preta-1536x538.png 1536w, https:\/\/dsch.pt\/wp-content\/uploads\/2021\/04\/LOGOS-DSCH_vermelho-letra-preta-2048x717.png 2048w\" sizes=\"(max-width: 300px) 100vw, 300px\" \/>\t\t\t\t\t\t\t\t<\/a>\n\t\t\t\t\t\t\t\t\t\t\t\t\t\t\t<\/div>\n\t\t\t\t<\/div>\n\t\t\t\t<div class=\"elementor-element elementor-element-da47765 elementor-widget elementor-widget-text-editor\" data-id=\"da47765\" data-element_type=\"widget\" data-e-type=\"widget\" data-widget_type=\"text-editor.default\">\n\t\t\t\t<div class=\"elementor-widget-container\">\n\t\t\t\t\t\t\t\t\t<p style=\"text-align: center;\">Estrutura financiada<\/p>\t\t\t\t\t\t\t\t<\/div>\n\t\t\t\t<\/div>\n\t\t\t\t<div class=\"elementor-element elementor-element-fcd0b39 elementor-widget__width-initial elementor-widget elementor-widget-image\" data-id=\"fcd0b39\" data-element_type=\"widget\" data-e-type=\"widget\" data-widget_type=\"image.default\">\n\t\t\t\t<div class=\"elementor-widget-container\">\n\t\t\t\t\t\t\t\t\t\t\t\t\t\t\t\t<a href=\"https:\/\/www.dgartes.gov.pt\" target=\"_blank\">\n\t\t\t\t\t\t\t<img decoding=\"async\" width=\"524\" height=\"96\" src=\"https:\/\/dsch.pt\/wp-content\/uploads\/2024\/11\/LOGO-GOV_DGARTES.jpeg\" class=\"attachment-medium_large size-medium_large wp-image-1054\" alt=\"\" srcset=\"https:\/\/dsch.pt\/wp-content\/uploads\/2024\/11\/LOGO-GOV_DGARTES.jpeg 524w, https:\/\/dsch.pt\/wp-content\/uploads\/2024\/11\/LOGO-GOV_DGARTES-300x55.jpeg 300w\" sizes=\"(max-width: 524px) 100vw, 524px\" \/>\t\t\t\t\t\t\t\t<\/a>\n\t\t\t\t\t\t\t\t\t\t\t\t\t\t\t<\/div>\n\t\t\t\t<\/div>\n\t\t\t\t\t<\/div>\n\t\t<\/div>\n\t\t\t\t\t<\/div>\n\t\t<\/section>\n\t\t\t\t<\/div>","protected":false},"excerpt":{"rendered":"<p>15.12.2025 Carlos Azevedo \u00e9 o vencedor do Pr\u00e9mio de Composi\u00e7\u00e3o DSCH 2025 \u00a0 O compositor Carlos Azevedo, nascido em Vila Real em 1964, \u00e9 o vencedor do Pr\u00e9mio de Composi\u00e7\u00e3o DSCH \u2013 Schostakovich Ensemble 2025. O galard\u00e3o, no valor de 6.000 euros, foi criado em 2019 pela DSCH \u2013 Associa\u00e7\u00e3o Musical, com o apoio da&#8230;<\/p>","protected":false},"author":3,"featured_media":0,"parent":0,"menu_order":0,"comment_status":"closed","ping_status":"closed","template":"","meta":{"footnotes":""},"class_list":["post-1686","page","type-page","status-publish","hentry"],"aioseo_notices":[],"_links":{"self":[{"href":"https:\/\/dsch.pt\/en\/wp-json\/wp\/v2\/pages\/1686","targetHints":{"allow":["GET"]}}],"collection":[{"href":"https:\/\/dsch.pt\/en\/wp-json\/wp\/v2\/pages"}],"about":[{"href":"https:\/\/dsch.pt\/en\/wp-json\/wp\/v2\/types\/page"}],"author":[{"embeddable":true,"href":"https:\/\/dsch.pt\/en\/wp-json\/wp\/v2\/users\/3"}],"replies":[{"embeddable":true,"href":"https:\/\/dsch.pt\/en\/wp-json\/wp\/v2\/comments?post=1686"}],"version-history":[{"count":22,"href":"https:\/\/dsch.pt\/en\/wp-json\/wp\/v2\/pages\/1686\/revisions"}],"predecessor-version":[{"id":1720,"href":"https:\/\/dsch.pt\/en\/wp-json\/wp\/v2\/pages\/1686\/revisions\/1720"}],"wp:attachment":[{"href":"https:\/\/dsch.pt\/en\/wp-json\/wp\/v2\/media?parent=1686"}],"curies":[{"name":"wp","href":"https:\/\/api.w.org\/{rel}","templated":true}]}}

Notícia Prémio de Composição 2025

<div data-elementor-type="wp-page" data-elementor-id="1686" class="elementor elementor-1686">
						<section class="elementor-section elementor-top-section elementor-element elementor-element-fdb64d3 elementor-section-boxed elementor-section-height-default elementor-section-height-default" data-id="fdb64d3" data-element_type="section" data-e-type="section">
						<div class="elementor-container elementor-column-gap-default">
					<div class="elementor-column elementor-col-100 elementor-top-column elementor-element elementor-element-832ed39" data-id="832ed39" data-element_type="column" data-e-type="column">
			<div class="elementor-widget-wrap">
							</div>
		</div>
					</div>
		</section>
				<section class="elementor-section elementor-top-section elementor-element elementor-element-58c8f39 elementor-section-boxed elementor-section-height-default elementor-section-height-default" data-id="58c8f39" data-element_type="section" data-e-type="section">
						<div class="elementor-container elementor-column-gap-default">
					<div class="elementor-column elementor-col-100 elementor-top-column elementor-element elementor-element-6be9071f" data-id="6be9071f" data-element_type="column" data-e-type="column">
			<div class="elementor-widget-wrap elementor-element-populated">
						<div class="elementor-element elementor-element-1da028a3 elementor-widget elementor-widget-spacer" data-id="1da028a3" data-element_type="widget" data-e-type="widget" data-widget_type="spacer.default">
				<div class="elementor-widget-container">
							<div class="elementor-spacer">
			<div class="elementor-spacer-inner"></div>
		</div>
						</div>
				</div>
				<div class="elementor-element elementor-element-b3854e2 elementor-widget elementor-widget-image" data-id="b3854e2" data-element_type="widget" data-e-type="widget" data-widget_type="image.default">
				<div class="elementor-widget-container">
															<img fetchpriority="high" decoding="async" width="800" height="302" src="https://dsch.pt/wp-content/uploads/2025/12/Banner-noticia-Carlos-Azevedo-1024x386-1.jpg" class="attachment-large size-large wp-image-1693" alt="" srcset="https://dsch.pt/wp-content/uploads/2025/12/Banner-noticia-Carlos-Azevedo-1024x386-1.jpg 1024w, https://dsch.pt/wp-content/uploads/2025/12/Banner-noticia-Carlos-Azevedo-1024x386-1-300x113.jpg 300w, https://dsch.pt/wp-content/uploads/2025/12/Banner-noticia-Carlos-Azevedo-1024x386-1-768x290.jpg 768w" sizes="(max-width: 800px) 100vw, 800px" />															</div>
				</div>
				<div class="elementor-element elementor-element-6746d164 elementor-widget__width-initial elementor-widget elementor-widget-text-editor" data-id="6746d164" data-element_type="widget" data-e-type="widget" data-widget_type="text-editor.default">
				<div class="elementor-widget-container">
									<p><strong>15.12.2025</strong></p><h1><b>Carlos Azevedo is the winner of the DSCH Composition Award 2025</b><b></b></h1><p> </p><p class="translation-block"><p><b>Composer Carlos Azevedo</b>, born in Vila Real in 1964, is the winner of the <b>DSCH – Shostakovich Ensemble Composition Prize 2025</b>. The award, valued at €6,000, was created in 2019 by <b>DSCH – Associação Musical</b>, with the support of the Directorate-General for the Arts, with the purpose of honoring a Portuguese composer for the excellence of their work and career, promoting and valuing contemporary Portuguese art music.</p><p class="translation-block"><p><span style="font-weight: 400">A singular figure in the Portuguese musical scene, <b>Carlos Azevedo</b> has built a <b>unique career that masterfully spans both classical and jazz music</b>. A composer, arranger, pianist, and pedagogue, he stands out for his creative versatility and the solidity of a deeply personal musical language, recognized both in contemporary repertoire and in the jazz world.</span></p><p class="translation-block"><p><span style="font-weight: 400">Trained at the Porto Conservatory of Music, he completed the Higher Piano Course and, subsequently, the Higher Composition Course at the <b>Escola Superior de Música do Porto</b> (1991). He pursued further studies in the United Kingdom, where he obtained a <b>Master’s degree</b> and later a <b>Doctorate in Composition</b> from the <b>University of Sheffield</b>, under the guidance of George Nicholson.</span></p><p class="translation-block"><p><b>Professor at the Escola Superior de Música e Artes do Espetáculo</b> since 1999, Azevedo has played a <b>central role in the training of new generations of composers</b>, contributing decisively to the dynamism of higher music education in Portugal.</span></p><p class="translation-block"><p><span style="font-weight: 400">At the same time, he built a remarkable career with the <b>Orquestra Jazz de Matosinhos</b>, where he worked for <b>25 years as a pianist, composer, and arranger</b>, collaborating with internationally renowned artists.</span></p><p class="translation-block"><p><span style="font-weight: 400">Among his works, notable pieces include <b><i>Crossfade</i></b> (for symphony orchestra, jazz orchestra, and soloist), <b><i>Largo</i></b> (symphony orchestra), <b><i>Mumadona</i></b> (three-act opera), <b><i>Labirintho</i></b> (solo cello), <b><i>Tempo de Outono</i></b> (clarinet and piano), <b><i>Brexit</i></b> (string quartet), <b><i>O Bispo</i></b> (wind ensemble), and <b><i>Short Term Memory</i></b> (solo cello and ensemble). Several of these works were commissioned by prominent institutions and festivals and dedicated to leading performers in today’s musical scene.</span></p><p class="translation-block"><p><span style="font-weight: 400">His <b>jazz discography equally reflects the aesthetic breadth of his work</b>, with recordings such as <i>Lenda</i> (2000), <i>Portology</i> (2007), <i>Our Secret World</i> (2010), <i>Bela Senão Sem</i> (2012), as well as quartet and ensemble projects including <i>Origens</i>, <i>Lento</i>, <i>After Midnight</i>, <i>Serpente</i>, and <i>Pilgrimage</i>.</span></p><p class="translation-block"><p><span style="font-weight: 400">With a writing style that combines technical rigor, sonic imagination, and profound expressiveness, <b>Carlos Azevedo stands out as one of the most original and influential voices in contemporary Portuguese music</b>, in a continual dialogue between tradition, innovation, and improvisation.</span></p><p class="translation-block"><p><span style="font-weight: 400">The <b>DSCH Composition Prize</b> is awarded by the prestigious <b>DSCH – Shostakovich Ensemble</b>, under the artistic direction of Filipe Pinto-Ribeiro. The winners of previous editions were <b>Luís Tinoco</b> (2019), <b>Eurico Carrapatoso</b> (2021), <b>Andreia Pinto-Correia</b> (2023), and <b>Sérgio Azevedo</b> (2024).</span></p><p style="font-weight: 400;" class="translation-block"><p><span style="font-weight: 400">Founded in 2006, the <b>DSCH – Shostakovich Ensemble is today regarded as one of the most significant international chamber ensembles</b>, with albums dedicated to Shostakovich and Beethoven, released by Paraty/Harmonia Mundi–PIAS and acclaimed by the specialized press with the highest distinctions.</span></p>								</div>
				</div>
					</div>
		</div>
					</div>
		</section>
				<section class="elementor-section elementor-top-section elementor-element elementor-element-0377177 elementor-section-boxed elementor-section-height-default elementor-section-height-default" data-id="0377177" data-element_type="section" data-e-type="section">
						<div class="elementor-container elementor-column-gap-default">
					<div class="elementor-column elementor-col-100 elementor-top-column elementor-element elementor-element-f925cec" data-id="f925cec" data-element_type="column" data-e-type="column">
			<div class="elementor-widget-wrap elementor-element-populated">
						<div class="elementor-element elementor-element-1af329c elementor-widget elementor-widget-spacer" data-id="1af329c" data-element_type="widget" data-e-type="widget" data-widget_type="spacer.default">
				<div class="elementor-widget-container">
							<div class="elementor-spacer">
			<div class="elementor-spacer-inner"></div>
		</div>
						</div>
				</div>
				<div class="elementor-element elementor-element-e886461 elementor-widget elementor-widget-image" data-id="e886461" data-element_type="widget" data-e-type="widget" data-widget_type="image.default">
				<div class="elementor-widget-container">
																<a href="https://dsch.pt/en/">
							<img decoding="async" width="300" height="105" src="https://dsch.pt/wp-content/uploads/2021/04/LOGOS-DSCH_vermelho-letra-preta-300x105.png" class="attachment-medium size-medium wp-image-1673" alt="" srcset="https://dsch.pt/wp-content/uploads/2021/04/LOGOS-DSCH_vermelho-letra-preta-300x105.png 300w, https://dsch.pt/wp-content/uploads/2021/04/LOGOS-DSCH_vermelho-letra-preta-1024x358.png 1024w, https://dsch.pt/wp-content/uploads/2021/04/LOGOS-DSCH_vermelho-letra-preta-768x269.png 768w, https://dsch.pt/wp-content/uploads/2021/04/LOGOS-DSCH_vermelho-letra-preta-1536x538.png 1536w, https://dsch.pt/wp-content/uploads/2021/04/LOGOS-DSCH_vermelho-letra-preta-2048x717.png 2048w" sizes="(max-width: 300px) 100vw, 300px" />								</a>
															</div>
				</div>
				<div class="elementor-element elementor-element-da47765 elementor-widget elementor-widget-text-editor" data-id="da47765" data-element_type="widget" data-e-type="widget" data-widget_type="text-editor.default">
				<div class="elementor-widget-container">
									<p style="text-align: center;">Estrutura financiada</p>								</div>
				</div>
				<div class="elementor-element elementor-element-fcd0b39 elementor-widget__width-initial elementor-widget elementor-widget-image" data-id="fcd0b39" data-element_type="widget" data-e-type="widget" data-widget_type="image.default">
				<div class="elementor-widget-container">
																<a href="https://www.dgartes.gov.pt" target="_blank">
							<img decoding="async" width="524" height="96" src="https://dsch.pt/wp-content/uploads/2024/11/LOGO-GOV_DGARTES.jpeg" class="attachment-medium_large size-medium_large wp-image-1054" alt="" srcset="https://dsch.pt/wp-content/uploads/2024/11/LOGO-GOV_DGARTES.jpeg 524w, https://dsch.pt/wp-content/uploads/2024/11/LOGO-GOV_DGARTES-300x55.jpeg 300w" sizes="(max-width: 524px) 100vw, 524px" />								</a>
															</div>
				</div>
					</div>
		</div>
					</div>
		</section>
				</div>

<p>15.12.2025 Carlos Azevedo é o vencedor do Prémio de Composição DSCH 2025   O compositor Carlos Azevedo, nascido em Vila Real em 1964, é o vencedor do Prémio de Composição DSCH – Schostakovich Ensemble 2025. O galardão, no valor de 6.000 euros, foi criado em 2019 pela DSCH – Associação Musical, com o apoio da&#8230;</p>
