{"id":663,"date":"2023-11-06T14:17:35","date_gmt":"2023-11-06T14:17:35","guid":{"rendered":"https:\/\/dsch.pt\/?page_id=663"},"modified":"2026-01-15T15:56:10","modified_gmt":"2026-01-15T15:56:10","slug":"direccao-artistica","status":"publish","type":"page","link":"https:\/\/dsch.pt\/en\/direccao-artistica\/","title":{"rendered":"Direc\u00e7\u00e3o Art\u00edstica"},"content":{"rendered":"<div data-elementor-type=\"wp-page\" data-elementor-id=\"663\" class=\"elementor elementor-663\">\n\t\t\t\t\t\t<section class=\"elementor-section elementor-top-section elementor-element elementor-element-3c7792a elementor-section-stretched elementor-section-boxed elementor-section-height-default elementor-section-height-default\" data-id=\"3c7792a\" data-element_type=\"section\" data-e-type=\"section\" data-settings=\"{&quot;stretch_section&quot;:&quot;section-stretched&quot;,&quot;background_background&quot;:&quot;classic&quot;}\">\n\t\t\t\t\t\t<div class=\"elementor-container elementor-column-gap-narrow\">\n\t\t\t\t\t<div class=\"elementor-column elementor-col-100 elementor-top-column elementor-element elementor-element-030e036\" data-id=\"030e036\" data-element_type=\"column\" data-e-type=\"column\">\n\t\t\t<div class=\"elementor-widget-wrap elementor-element-populated\">\n\t\t\t\t\t\t<div class=\"elementor-element elementor-element-fd58e98 elementor-widget elementor-widget-heading\" data-id=\"fd58e98\" data-element_type=\"widget\" data-e-type=\"widget\" data-widget_type=\"heading.default\">\n\t\t\t\t<div class=\"elementor-widget-container\">\n\t\t\t\t\t<h1 class=\"elementor-heading-title elementor-size-default\">Filipe Pinto-Ribeiro<\/h1>\t\t\t\t<\/div>\n\t\t\t\t<\/div>\n\t\t\t\t\t<\/div>\n\t\t<\/div>\n\t\t\t\t\t<\/div>\n\t\t<\/section>\n\t\t\t\t<section class=\"elementor-section elementor-top-section elementor-element elementor-element-00cc1d5 elementor-section-stretched elementor-section-boxed elementor-section-height-default elementor-section-height-default\" data-id=\"00cc1d5\" data-element_type=\"section\" data-e-type=\"section\" data-settings=\"{&quot;stretch_section&quot;:&quot;section-stretched&quot;}\">\n\t\t\t\t\t\t<div class=\"elementor-container elementor-column-gap-no\">\n\t\t\t\t\t<div class=\"elementor-column elementor-col-33 elementor-top-column elementor-element elementor-element-004218e elementor-invisible\" data-id=\"004218e\" data-element_type=\"column\" data-e-type=\"column\" data-settings=\"{&quot;background_background&quot;:&quot;classic&quot;,&quot;animation&quot;:&quot;fadeInRight&quot;}\">\n\t\t\t<div class=\"elementor-widget-wrap elementor-element-populated\">\n\t\t\t\t\t\t<div class=\"elementor-element elementor-element-2a195a5 elementor-widget elementor-widget-image\" data-id=\"2a195a5\" data-element_type=\"widget\" data-e-type=\"widget\" data-widget_type=\"image.default\">\n\t\t\t\t<div class=\"elementor-widget-container\">\n\t\t\t\t\t\t\t\t\t\t\t\t<figure class=\"wp-caption\">\n\t\t\t\t\t\t\t\t\t\t<img fetchpriority=\"high\" decoding=\"async\" width=\"600\" height=\"600\" src=\"https:\/\/dsch.pt\/wp-content\/uploads\/2026\/01\/FPR-square-600x600-1.jpg\" class=\"attachment-full size-full wp-image-2085\" alt=\"\" srcset=\"https:\/\/dsch.pt\/wp-content\/uploads\/2026\/01\/FPR-square-600x600-1.jpg 600w, https:\/\/dsch.pt\/wp-content\/uploads\/2026\/01\/FPR-square-600x600-1-300x300.jpg 300w, https:\/\/dsch.pt\/wp-content\/uploads\/2026\/01\/FPR-square-600x600-1-150x150.jpg 150w, https:\/\/dsch.pt\/wp-content\/uploads\/2026\/01\/FPR-square-600x600-1-100x100.jpg 100w, https:\/\/dsch.pt\/wp-content\/uploads\/2026\/01\/FPR-square-600x600-1-200x200.jpg 200w, https:\/\/dsch.pt\/wp-content\/uploads\/2026\/01\/FPR-square-600x600-1-400x400.jpg 400w, https:\/\/dsch.pt\/wp-content\/uploads\/2026\/01\/FPR-square-600x600-1-500x500.jpg 500w\" sizes=\"(max-width: 600px) 100vw, 600px\" \/>\t\t\t\t\t\t\t\t\t\t\t<figcaption class=\"widget-image-caption wp-caption-text\">\u00a9 Rita Carmo<\/figcaption>\n\t\t\t\t\t\t\t\t\t\t<\/figure>\n\t\t\t\t\t\t\t\t\t<\/div>\n\t\t\t\t<\/div>\n\t\t\t\t\t<\/div>\n\t\t<\/div>\n\t\t\t\t<div class=\"elementor-column elementor-col-66 elementor-top-column elementor-element elementor-element-2339ee1 elementor-invisible\" data-id=\"2339ee1\" data-element_type=\"column\" data-e-type=\"column\" data-settings=\"{&quot;background_background&quot;:&quot;classic&quot;,&quot;animation&quot;:&quot;fadeInLeft&quot;}\">\n\t\t\t<div class=\"elementor-widget-wrap elementor-element-populated\">\n\t\t\t\t\t\t<section class=\"elementor-section elementor-inner-section elementor-element elementor-element-786a5ce elementor-section-boxed elementor-section-height-default elementor-section-height-default\" data-id=\"786a5ce\" data-element_type=\"section\" data-e-type=\"section\" data-settings=\"{&quot;background_background&quot;:&quot;classic&quot;}\">\n\t\t\t\t\t\t<div class=\"elementor-container elementor-column-gap-wider\">\n\t\t\t\t\t<div class=\"elementor-column elementor-col-100 elementor-inner-column elementor-element elementor-element-1ab9d08\" data-id=\"1ab9d08\" data-element_type=\"column\" data-e-type=\"column\">\n\t\t\t<div class=\"elementor-widget-wrap elementor-element-populated\">\n\t\t\t\t\t\t<div class=\"elementor-element elementor-element-d71c276 elementor-widget elementor-widget-text-editor\" data-id=\"d71c276\" data-element_type=\"widget\" data-e-type=\"widget\" data-widget_type=\"text-editor.default\">\n\t\t\t\t<div class=\"elementor-widget-container\">\n\t\t\t\t\t\t\t\t\t<div class=\"elementor-element elementor-element-5256158 align-dce-justify elementor-widget elementor-widget-dyncontel-acf\" data-id=\"5256158\" data-element_type=\"widget\" data-settings=\"{&quot;acf_field_list&quot;:&quot;texto_topo&quot;,&quot;acf_type&quot;:&quot;text&quot;}\" data-widget_type=\"dyncontel-acf.default\"><div class=\"elementor-widget-container\"><div class=\"dynamic-content-for-elementor-acf\"><p><span style=\"font-weight: 400;\">Artistic director of <\/span><b>DSCH &#8211; Associa\u00e7\u00e3o Musical<\/b><span style=\"font-weight: 400;\">, <\/span><span style=\"font-weight: 400;\">Filipe Pinto-Ribeiro is widely recognized as one of the most prominent Portuguese artists of recent decades, having achieved remarkable international acclaim as a solo pianist, chamber musician, and artistic director.<\/span><\/p><p><span style=\"font-weight: 400;\">Born in Porto, he earned both his degree and doctorate from the Tchaikovsky Conservatory in Moscow, where he studied for five years under the guidance of the esteemed pedagogue Lyudmila Roschina. Since then, he has pursued an active career, performing at some of the most prestigious concert seasons and festivals across Europe, America, Asia, and Oceania.<\/span><\/p><p><span style=\"font-weight: 400;\">Nicknamed the \u201cpoet of the piano,\u201d he is distinguished by his mastery in navigating an exceptionally wide repertoire, adapting with chameleon-like versatility to styles ranging from Baroque and Romanticism to contemporary music. He is the dedicatee of works by various Portuguese and international composers. His solo discography, comprising five CDs, reflects his artistic versatility and includes works from Bach to Ravel, Beethoven to Mussorgsky, and Debussy to Prokofiev.<\/span><\/p><p><span style=\"font-weight: 400;\">As a soloist, he has performed with the leading Portuguese orchestras, as well as with prominent ensembles across Europe and the Americas. Passionate about chamber music, he has collaborated with many of today\u2019s most distinguished performers.<\/span><\/p><p><span style=\"font-weight: 400;\">A decisive milestone in his artistic career was the founding of the DSCH \u2013 Shostakovich Ensemble in 2006, of which he is the artistic director. The ensemble\u2019s discography includes the world premiere recording of the complete chamber music with piano by Shostakovich, as well as Beethoven\u2019s Trios Op. 11 and 38\u2014albums that have received widespread critical acclaim. It was also through DSCH that he created Ver\u00e3o Cl\u00e1ssico in Lisbon in 2015, now regarded as one of the most significant festivals and academies worldwide.<\/span><\/p><p><span style=\"font-weight: 400;\">His creativity as an artistic director and curator has led him to spearhead numerous projects over the past two decades. He is currently the artistic director of the Festival dos Capuchos and the curator of the Musical-Mente Concert Series at the Teatro Nacional S\u00e3o Jo\u00e3o in Porto.<\/span><\/p><p><span style=\"font-weight: 400;\">A strong advocate and promoter of new generations of musicians, he taught piano for a decade at Portuguese universities, regularly leads masterclasses, and in 2022 founded the Juventus Ensemble, which brings together established musicians and emerging young talent.<\/span><\/p><p><span style=\"font-weight: 400;\">In 2014, he was honored with the official title of \u201cSteinway Artist\u201d by the prestigious piano manufacturer Steinway &amp; Sons, becoming the only Portuguese pianist to hold this distinction.<\/span><\/p><p class=\"translation-block\">More information at <a href=\"https:\/\/www.filipepinto-ribeiro.com\/pt\/\" target=\"_blank\" rel=\"noopener\"><span style=\"font-weight: 400\">https:\/\/www.filipepinto-ribeiro.com\/<\/span><\/a><\/p><\/div><\/div><\/div>\t\t\t\t\t\t\t\t<\/div>\n\t\t\t\t<\/div>\n\t\t\t\t<div class=\"elementor-element elementor-element-04c5039 elementor-absolute elementor-widget elementor-widget-heading\" data-id=\"04c5039\" data-element_type=\"widget\" data-e-type=\"widget\" data-settings=\"{&quot;_position&quot;:&quot;absolute&quot;}\" data-widget_type=\"heading.default\">\n\t\t\t\t<div class=\"elementor-widget-container\">\n\t\t\t\t\t<span class=\"elementor-heading-title elementor-size-default\">Director<\/span>\t\t\t\t<\/div>\n\t\t\t\t<\/div>\n\t\t\t\t\t<\/div>\n\t\t<\/div>\n\t\t\t\t\t<\/div>\n\t\t<\/section>\n\t\t\t\t\t<\/div>\n\t\t<\/div>\n\t\t\t\t\t<\/div>\n\t\t<\/section>\n\t\t\t\t<\/div>","protected":false},"excerpt":{"rendered":"<p>Filipe Pinto-Ribeiro \u00a9 Rita Carmo Director art\u00edstico da DSCH &#8211; Associa\u00e7\u00e3o Musical, Filipe Pinto-Ribeiro \u00e9 amplamente reconhecido como um dos mais destacados artistas portugueses das \u00faltimas d\u00e9cadas, tendo alcan\u00e7ado not\u00e1vel projec\u00e7\u00e3o internacional enquanto pianista solista, m\u00fasico de c\u00e2mara e director art\u00edstico. Natural do Porto, diplomou-se e doutorou-se pelo Conservat\u00f3rio Tchaikovsky de Moscovo, onde estudou durante&#8230;<\/p>","protected":false},"author":1,"featured_media":0,"parent":0,"menu_order":0,"comment_status":"closed","ping_status":"closed","template":"","meta":{"footnotes":""},"class_list":["post-663","page","type-page","status-publish","hentry"],"aioseo_notices":[],"_links":{"self":[{"href":"https:\/\/dsch.pt\/en\/wp-json\/wp\/v2\/pages\/663","targetHints":{"allow":["GET"]}}],"collection":[{"href":"https:\/\/dsch.pt\/en\/wp-json\/wp\/v2\/pages"}],"about":[{"href":"https:\/\/dsch.pt\/en\/wp-json\/wp\/v2\/types\/page"}],"author":[{"embeddable":true,"href":"https:\/\/dsch.pt\/en\/wp-json\/wp\/v2\/users\/1"}],"replies":[{"embeddable":true,"href":"https:\/\/dsch.pt\/en\/wp-json\/wp\/v2\/comments?post=663"}],"version-history":[{"count":53,"href":"https:\/\/dsch.pt\/en\/wp-json\/wp\/v2\/pages\/663\/revisions"}],"predecessor-version":[{"id":3429,"href":"https:\/\/dsch.pt\/en\/wp-json\/wp\/v2\/pages\/663\/revisions\/3429"}],"wp:attachment":[{"href":"https:\/\/dsch.pt\/en\/wp-json\/wp\/v2\/media?parent=663"}],"curies":[{"name":"wp","href":"https:\/\/api.w.org\/{rel}","templated":true}]}}

Direcção Artística

<div data-elementor-type="wp-page" data-elementor-id="663" class="elementor elementor-663">
						<section class="elementor-section elementor-top-section elementor-element elementor-element-3c7792a elementor-section-stretched elementor-section-boxed elementor-section-height-default elementor-section-height-default" data-id="3c7792a" data-element_type="section" data-e-type="section" data-settings="{&quot;stretch_section&quot;:&quot;section-stretched&quot;,&quot;background_background&quot;:&quot;classic&quot;}">
						<div class="elementor-container elementor-column-gap-narrow">
					<div class="elementor-column elementor-col-100 elementor-top-column elementor-element elementor-element-030e036" data-id="030e036" data-element_type="column" data-e-type="column">
			<div class="elementor-widget-wrap elementor-element-populated">
						<div class="elementor-element elementor-element-fd58e98 elementor-widget elementor-widget-heading" data-id="fd58e98" data-element_type="widget" data-e-type="widget" data-widget_type="heading.default">
				<div class="elementor-widget-container">
					<h1 class="elementor-heading-title elementor-size-default">Filipe Pinto-Ribeiro</h1>				</div>
				</div>
					</div>
		</div>
					</div>
		</section>
				<section class="elementor-section elementor-top-section elementor-element elementor-element-00cc1d5 elementor-section-stretched elementor-section-boxed elementor-section-height-default elementor-section-height-default" data-id="00cc1d5" data-element_type="section" data-e-type="section" data-settings="{&quot;stretch_section&quot;:&quot;section-stretched&quot;}">
						<div class="elementor-container elementor-column-gap-no">
					<div class="elementor-column elementor-col-33 elementor-top-column elementor-element elementor-element-004218e elementor-invisible" data-id="004218e" data-element_type="column" data-e-type="column" data-settings="{&quot;background_background&quot;:&quot;classic&quot;,&quot;animation&quot;:&quot;fadeInRight&quot;}">
			<div class="elementor-widget-wrap elementor-element-populated">
						<div class="elementor-element elementor-element-2a195a5 elementor-widget elementor-widget-image" data-id="2a195a5" data-element_type="widget" data-e-type="widget" data-widget_type="image.default">
				<div class="elementor-widget-container">
												<figure class="wp-caption">
										<img fetchpriority="high" decoding="async" width="600" height="600" src="https://dsch.pt/wp-content/uploads/2026/01/FPR-square-600x600-1.jpg" class="attachment-full size-full wp-image-2085" alt="" srcset="https://dsch.pt/wp-content/uploads/2026/01/FPR-square-600x600-1.jpg 600w, https://dsch.pt/wp-content/uploads/2026/01/FPR-square-600x600-1-300x300.jpg 300w, https://dsch.pt/wp-content/uploads/2026/01/FPR-square-600x600-1-150x150.jpg 150w, https://dsch.pt/wp-content/uploads/2026/01/FPR-square-600x600-1-100x100.jpg 100w, https://dsch.pt/wp-content/uploads/2026/01/FPR-square-600x600-1-200x200.jpg 200w, https://dsch.pt/wp-content/uploads/2026/01/FPR-square-600x600-1-400x400.jpg 400w, https://dsch.pt/wp-content/uploads/2026/01/FPR-square-600x600-1-500x500.jpg 500w" sizes="(max-width: 600px) 100vw, 600px" />											<figcaption class="widget-image-caption wp-caption-text">© Rita Carmo</figcaption>
										</figure>
									</div>
				</div>
					</div>
		</div>
				<div class="elementor-column elementor-col-66 elementor-top-column elementor-element elementor-element-2339ee1 elementor-invisible" data-id="2339ee1" data-element_type="column" data-e-type="column" data-settings="{&quot;background_background&quot;:&quot;classic&quot;,&quot;animation&quot;:&quot;fadeInLeft&quot;}">
			<div class="elementor-widget-wrap elementor-element-populated">
						<section class="elementor-section elementor-inner-section elementor-element elementor-element-786a5ce elementor-section-boxed elementor-section-height-default elementor-section-height-default" data-id="786a5ce" data-element_type="section" data-e-type="section" data-settings="{&quot;background_background&quot;:&quot;classic&quot;}">
						<div class="elementor-container elementor-column-gap-wider">
					<div class="elementor-column elementor-col-100 elementor-inner-column elementor-element elementor-element-1ab9d08" data-id="1ab9d08" data-element_type="column" data-e-type="column">
			<div class="elementor-widget-wrap elementor-element-populated">
						<div class="elementor-element elementor-element-d71c276 elementor-widget elementor-widget-text-editor" data-id="d71c276" data-element_type="widget" data-e-type="widget" data-widget_type="text-editor.default">
				<div class="elementor-widget-container">
									<div class="elementor-element elementor-element-5256158 align-dce-justify elementor-widget elementor-widget-dyncontel-acf" data-id="5256158" data-element_type="widget" data-settings="{&quot;acf_field_list&quot;:&quot;texto_topo&quot;,&quot;acf_type&quot;:&quot;text&quot;}" data-widget_type="dyncontel-acf.default"><div class="elementor-widget-container"><div class="dynamic-content-for-elementor-acf"><p><span style="font-weight: 400;">Artistic director of </span><b>DSCH &#8211; Associação Musical</b><span style="font-weight: 400;">, </span><span style="font-weight: 400;">Filipe Pinto-Ribeiro is widely recognized as one of the most prominent Portuguese artists of recent decades, having achieved remarkable international acclaim as a solo pianist, chamber musician, and artistic director.</span></p><p><span style="font-weight: 400;">Born in Porto, he earned both his degree and doctorate from the Tchaikovsky Conservatory in Moscow, where he studied for five years under the guidance of the esteemed pedagogue Lyudmila Roschina. Since then, he has pursued an active career, performing at some of the most prestigious concert seasons and festivals across Europe, America, Asia, and Oceania.</span></p><p><span style="font-weight: 400;">Nicknamed the “poet of the piano,” he is distinguished by his mastery in navigating an exceptionally wide repertoire, adapting with chameleon-like versatility to styles ranging from Baroque and Romanticism to contemporary music. He is the dedicatee of works by various Portuguese and international composers. His solo discography, comprising five CDs, reflects his artistic versatility and includes works from Bach to Ravel, Beethoven to Mussorgsky, and Debussy to Prokofiev.</span></p><p><span style="font-weight: 400;">As a soloist, he has performed with the leading Portuguese orchestras, as well as with prominent ensembles across Europe and the Americas. Passionate about chamber music, he has collaborated with many of today’s most distinguished performers.</span></p><p><span style="font-weight: 400;">A decisive milestone in his artistic career was the founding of the DSCH – Shostakovich Ensemble in 2006, of which he is the artistic director. The ensemble’s discography includes the world premiere recording of the complete chamber music with piano by Shostakovich, as well as Beethoven’s Trios Op. 11 and 38—albums that have received widespread critical acclaim. It was also through DSCH that he created Verão Clássico in Lisbon in 2015, now regarded as one of the most significant festivals and academies worldwide.</span></p><p><span style="font-weight: 400;">His creativity as an artistic director and curator has led him to spearhead numerous projects over the past two decades. He is currently the artistic director of the Festival dos Capuchos and the curator of the Musical-Mente Concert Series at the Teatro Nacional São João in Porto.</span></p><p><span style="font-weight: 400;">A strong advocate and promoter of new generations of musicians, he taught piano for a decade at Portuguese universities, regularly leads masterclasses, and in 2022 founded the Juventus Ensemble, which brings together established musicians and emerging young talent.</span></p><p><span style="font-weight: 400;">In 2014, he was honored with the official title of “Steinway Artist” by the prestigious piano manufacturer Steinway &amp; Sons, becoming the only Portuguese pianist to hold this distinction.</span></p><p class="translation-block">More information at <a href="https://www.filipepinto-ribeiro.com/pt/" target="_blank" rel="noopener"><span style="font-weight: 400">https://www.filipepinto-ribeiro.com/</span></a></p></div></div></div>								</div>
				</div>
				<div class="elementor-element elementor-element-04c5039 elementor-absolute elementor-widget elementor-widget-heading" data-id="04c5039" data-element_type="widget" data-e-type="widget" data-settings="{&quot;_position&quot;:&quot;absolute&quot;}" data-widget_type="heading.default">
				<div class="elementor-widget-container">
					<span class="elementor-heading-title elementor-size-default">Director</span>				</div>
				</div>
					</div>
		</div>
					</div>
		</section>
					</div>
		</div>
					</div>
		</section>
				</div>

<p>Filipe Pinto-Ribeiro © Rita Carmo Director artístico da DSCH &#8211; Associação Musical, Filipe Pinto-Ribeiro é amplamente reconhecido como um dos mais destacados artistas portugueses das últimas décadas, tendo alcançado notável projecção internacional enquanto pianista solista, músico de câmara e director artístico. Natural do Porto, diplomou-se e doutorou-se pelo Conservatório Tchaikovsky de Moscovo, onde estudou durante&#8230;</p>
